highest common divisor of 1560 and 97334952?
312
What is the highest common factor of 2536 and 2006293?
317
What is the highest common divisor of 17478775 and 25?
25
Calculate the greatest common factor of 1003460 and 2100585.
655
Calculate the greatest common factor of 1927 and 46859.
47
Calculate the greatest common divisor of 536000 and 3438976.
4288
What is the greatest common divisor of 6886962 and 68766?
942
Calculate the greatest common divisor of 379199620 and 7820.
7820
What is the greatest common factor of 18 and 4182564?
6
What is the highest common factor of 12132 and 616836375?
3033
Calculate the highest common divisor of 251874 and 17682.
42
What is the greatest common factor of 619 and 31568?
1
Calculate the highest common factor of 14681820 and 230.
230
Calculate the greatest common divisor of 31 and 4110909504.
31
What is the highest common divisor of 262154439 and 9?
9
What is the greatest common factor of 106951134 and 12?
6
What is the greatest common divisor of 178 and 379891249?
89
Calculate the highest common factor of 23280 and 30288.
48
Calculate the highest common factor of 100864 and 15169.
197
What is the greatest common divisor of 6294352 and 13651?
1241
What is the highest common divisor of 653 and 81408857?
653
Calculate the highest common divisor of 9604868 and 208.
52
What is the greatest common divisor of 1456252 and 21?
7
What is the greatest common divisor of 37066 and 6031414?
862
What is the highest common divisor of 5758116 and 896?
28
What is the highest common divisor of 8951033 and 3731?
91
What is the greatest common factor of 91897 and 195?
13
What is the highest common factor of 2120356 and 411881?
1847
What is the greatest common divisor of 13356 and 21018051?
477
What is the highest common divisor of 1433509 and 1001?
77
What is the highest common divisor of 75712 and 10907?
13
Calculate the greatest common factor of 1424145 and 103359.
789
What is the greatest common factor of 2264163 and 1749?
33
What is the highest common factor of 1336784 and 312997?
1247
What is the greatest common divisor of 3077125 and 4635?
515
What is the highest common divisor of 31104 and 5305896?
72
What is the greatest common factor of 14963456 and 288?
32
What is the greatest common divisor of 5248734 and 25482?
186
Calculate the highest common divisor of 3055476 and 804.
12
What is the highest common divisor of 5100 and 4346985?
255
Calculate the greatest common factor of 36 and 5639508.
36
Calculate the greatest common divisor of 80377 and 5764.
11
What is the greatest common factor of 68330493 and 113022?
4347
Calculate the greatest common divisor of 233805 and 49889736.
4251
Calculate the greatest common divisor of 28155535 and 5.
5
What is the greatest common divisor of 9220112 and 1364?
44
Calculate the greatest common factor of 1053250 and 297208.
766
Calculate the highest common factor of 60826 and 43021872.
3578
Calculate the highest common divisor of 1058 and 36754.
46
Calculate the highest common divisor of 185825367 and 3816.
477
Calculate the greatest common factor of 41054250 and 79800.
2850
What is the greatest common divisor of 78 and 2094216540?
78
Calculate the greatest common divisor of 3715242 and 72.
6
What is the greatest common factor of 5432 and 196130508?
2716
What is the highest common divisor of 94 and 68192347?
47
Calculate the highest common factor of 2 and 1494271.
1
What is the highest common divisor of 3889135 and 1075?
215
Calculate the greatest common factor of 1360064 and 672448.
5056
What is the greatest common factor of 9 and 19727541?
9
Calculate the greatest common factor of 139435 and 530011.
79
Calculate the highest common factor of 944474 and 42267.
73
Calculate the highest common factor of 4020288 and 12288.
192
Calculate the greatest common factor of 69642 and 61056.
954
Calculate the highest common factor of 9408 and 551360.
64
What is the highest common divisor of 63 and 11964309?
21
Calculate the highest common factor of 134386472 and 968.
968
What is the greatest common factor of 388229272 and 136?
136
Calculate the greatest common divisor of 5782 and 1246493.
59
Calculate the greatest common divisor of 25922636 and 344.
172
Calculate the highest common factor of 4046148 and 1633.
71
Calculate the greatest common divisor of 12734035 and 15.
5
Calculate the greatest common divisor of 1549 and 252302669.
1549
Calculate the highest common divisor of 543592 and 9520.
952
Calculate the highest common divisor of 4138719 and 2496.
39
What is the greatest common factor of 184 and 1144036?
4
Calculate the greatest common factor of 101912019 and 1353.
1353
What is the greatest common divisor of 24 and 56080888?
8
What is the greatest common divisor of 5386875 and 2040?
255
What is the greatest common factor of 6698316 and 1068?
12
Calculate the greatest common factor of 2071 and 43200515.
109
What is the greatest common factor of 83050 and 35897532?
3322
Calculate the highest common factor of 96186 and 208794.
2346
What is the greatest common divisor of 10998 and 1634472?
846
What is the highest common divisor of 28900618 and 31?
31
Calculate the greatest common divisor of 23778115 and 55.
5
What is the greatest common divisor of 188144 and 246224?
176
What is the greatest common factor of 500976 and 1602?
18
What is the greatest common divisor of 198 and 4473766?
22
What is the greatest common divisor of 4279 and 364364?
11
What is the greatest common divisor of 2290044 and 2544?
12
Calculate the greatest common factor of 3184 and 92430127.
199
What is the highest common divisor of 297 and 46283787?
99
Calculate the highest common factor of 4 and 14419.
1
What is the greatest common divisor of 236420104 and 984?
328
What is the highest common factor of 264 and 28030101?
33
Calculate the greatest common factor of 11946 and 1616076.
66
What is the greatest common divisor of 15 and 42222315?
15
Calculate the greatest common divisor of 376 and 294590266.
94
Calculate the highest common factor of 57510 and 3070395.
3195
What is the highest common factor of 167628 and 40266444?
2748
What is the greatest common divisor of 29280005 and 335?
335
What is the highest common factor of 36081 and 1559501?
4009
What is the highest common factor of 1177 and 117362201?
1177
What is the highest common factor of 307249 and 15637?
19
What is the greatest common factor of 77952 and 170176?
64
What is the greatest common divisor of 5592 and 4593129?
699
Calculate the highest common factor of 4480 and 2578660.
140
Calculate the greatest common divisor of 38934 and 227110674.
4326
What is the greatest common divisor of 7385 and 3081655?
1055
Calculate the greatest common factor of 755449 and 2.
1
Calculate the greatest common divisor of 132 and 28352346.
66
Calculate the greatest common factor of 45 and 27212715.
45
What is the highest common divisor of 3694568 and 445?
89
Calculate the greatest common factor of 943860474 and 18.
18
What is the highest common factor of 28609085 and 85?
5
Calculate the greatest common divisor of 5118489 and 161.
23
Calculate the highest common divisor of 1128 and 258360.
24
Calculate the greatest common factor of 67 and 1036901.
1
What is the greatest common divisor of 94 and 2141038?
94
What is the greatest common factor of 986172152 and 168?
56
What is the highest common factor of 2300 and 481180?
20
What is the greatest common factor of 17172939 and 273?
21
Calculate the greatest common factor of 4734981 and 20907.
909
What is the greatest common divisor of 112939427 and 6873?
2291
Calculate the highest common divisor of 1045908 and 1836.
612
Calculate the greatest common factor of 173045 and 279045.
265
What is the greatest common divisor of 3036495 and 142296?
2541
Calculate the highest common factor of 5075 and 3574375.
175
What is the highest common factor of 325 and 60541?
13
What is the greatest common factor of 6046131 and 1911?
273
Calculate the highest common factor of 1443 and 46291551.
111
Calculate the highest common factor of 732663 and 22733.
127
Calculate the greatest common divisor of 10 and 17278440.
10
Calculate the highest common divisor of 3562 and 4511624.
26
What is the highest common factor of 6690 and 226227702?
1338
Calculate the greates